[INFO] cloning repository https://github.com/awoimbee/sf4_updater
[INFO] running `Command { std: "git" "-c" "credential.helper=" "-c" "credential.helper=/workspace/cargo-home/bin/git-credential-null" "clone" "--bare" "https://github.com/awoimbee/sf4_updater" "/workspace/cache/git-repos/https%3A%2F%2Fgithub.com%2Fawoimbee%2Fsf4_updater", kill_on_drop: false }`
[INFO] [stderr] Cloning into bare repository '/workspace/cache/git-repos/https%3A%2F%2Fgithub.com%2Fawoimbee%2Fsf4_updater'...
[INFO] running `Command { std: "git" "rev-parse" "HEAD", kill_on_drop: false }`
[INFO] [stdout] 338abed4766951ccf9e48e837f08d124c1893d90
[INFO] checking awoimbee/sf4_updater against master#9610dfe5a9a731ced1ea4923ecbd0c57fe367898 for beta-170-4
[INFO] running `Command { std: "git" "clone" "/workspace/cache/git-repos/https%3A%2F%2Fgithub.com%2Fawoimbee%2Fsf4_updater" "/workspace/builds/worker-4-tc1/source", kill_on_drop: false }`
[INFO] [stderr] Cloning into '/workspace/builds/worker-4-tc1/source'...
[INFO] [stderr] done.
[INFO] validating manifest of git repo https://github.com/awoimbee/sf4_updater on toolchain 9610dfe5a9a731ced1ea4923ecbd0c57fe367898
[INFO] running `Command { std: CARGO_HOME="/workspace/cargo-home" RUSTUP_HOME="/workspace/rustup-home" "/workspace/cargo-home/bin/cargo" "+9610dfe5a9a731ced1ea4923ecbd0c57fe367898" "metadata" "--manifest-path" "Cargo.toml" "--no-deps", kill_on_drop: false }`
[INFO] removed /workspace/builds/worker-4-tc1/source/rust-toolchain
[INFO] started tweaking git repo https://github.com/awoimbee/sf4_updater
[INFO] finished tweaking git repo https://github.com/awoimbee/sf4_updater
[INFO] tweaked toml for git repo https://github.com/awoimbee/sf4_updater written to /workspace/builds/worker-4-tc1/source/Cargo.toml
[INFO] crate git repo https://github.com/awoimbee/sf4_updater already has a lockfile, it will not be regenerated
[INFO] running `Command { std: CARGO_HOME="/workspace/cargo-home" RUSTUP_HOME="/workspace/rustup-home" "/workspace/cargo-home/bin/cargo" "+9610dfe5a9a731ced1ea4923ecbd0c57fe367898" "fetch" "--manifest-path" "Cargo.toml", kill_on_drop: false }`
[INFO] running `Command { std: "docker" "create" "-v" "/var/lib/crater-agent-workspace/builds/worker-4-tc1/target:/opt/rustwide/target:rw,Z" "-v" "/var/lib/crater-agent-workspace/builds/worker-4-tc1/source:/opt/rustwide/workdir:ro,Z" "-v" "/var/lib/crater-agent-workspace/cargo-home:/opt/rustwide/cargo-home:ro,Z" "-v" "/var/lib/crater-agent-workspace/rustup-home:/opt/rustwide/rustup-home:ro,Z" "-e" "SOURCE_DIR=/opt/rustwide/workdir" "-e" "CARGO_TARGET_DIR=/opt/rustwide/target" "-e" "CARGO_HOME=/opt/rustwide/cargo-home" "-e" "RUSTUP_HOME=/opt/rustwide/rustup-home" "-w" "/opt/rustwide/workdir" "-m" "1610612736" "--user" "0:0" "--network" "none" "ghcr.io/rust-lang/crates-build-env/linux@sha256:19e73879b68f455e41552ea35293514db52ea292d993f571636dbffedb77a1ee" "/opt/rustwide/cargo-home/bin/cargo" "+9610dfe5a9a731ced1ea4923ecbd0c57fe367898" "metadata" "--no-deps" "--format-version=1", kill_on_drop: false }`
[INFO] [stdout] 614a36fc66875650f58536708df1760e14b4417bb320097add73d0f22243aecf
[INFO] running `Command { std: "docker" "start" "-a" "614a36fc66875650f58536708df1760e14b4417bb320097add73d0f22243aecf", kill_on_drop: false }`
[INFO] running `Command { std: "docker" "inspect" "614a36fc66875650f58536708df1760e14b4417bb320097add73d0f22243aecf", kill_on_drop: false }`
[INFO] running `Command { std: "docker" "rm" "-f" "614a36fc66875650f58536708df1760e14b4417bb320097add73d0f22243aecf", kill_on_drop: false }`
[INFO] [stdout] 614a36fc66875650f58536708df1760e14b4417bb320097add73d0f22243aecf
[INFO] running `Command { std: "docker" "create" "-v" "/var/lib/crater-agent-workspace/builds/worker-4-tc1/target:/opt/rustwide/target:rw,Z" "-v" "/var/lib/crater-agent-workspace/builds/worker-4-tc1/source:/opt/rustwide/workdir:ro,Z" "-v" "/var/lib/crater-agent-workspace/cargo-home:/opt/rustwide/cargo-home:ro,Z" "-v" "/var/lib/crater-agent-workspace/rustup-home:/opt/rustwide/rustup-home:ro,Z" "-e" "SOURCE_DIR=/opt/rustwide/workdir" "-e" "CARGO_TARGET_DIR=/opt/rustwide/target" "-e" "CARGO_INCREMENTAL=0" "-e" "RUST_BACKTRACE=full" "-e" "RUSTFLAGS=--cap-lints=forbid" "-e" "RUSTDOCFLAGS=--cap-lints=forbid" "-e" "CARGO_HOME=/opt/rustwide/cargo-home" "-e" "RUSTUP_HOME=/opt/rustwide/rustup-home" "-w" "/opt/rustwide/workdir" "-m" "1610612736" "--user" "0:0" "--network" "none" "ghcr.io/rust-lang/crates-build-env/linux@sha256:19e73879b68f455e41552ea35293514db52ea292d993f571636dbffedb77a1ee" "/opt/rustwide/cargo-home/bin/cargo" "+9610dfe5a9a731ced1ea4923ecbd0c57fe367898" "check" "--frozen" "--all" "--all-targets" "--message-format=json", kill_on_drop: false }`
[INFO] [stdout] 80c2c4ea8f2fa181f3d9fb6ba5ef110fd2de630505fd4ee766728c00ff318740
[INFO] running `Command { std: "docker" "start" "-a" "80c2c4ea8f2fa181f3d9fb6ba5ef110fd2de630505fd4ee766728c00ff318740", kill_on_drop: false }`
[INFO] [stderr]    Compiling libc v0.2.65
[INFO] [stderr]    Compiling proc-macro2 v1.0.6
[INFO] [stderr]    Compiling num-traits v0.2.8
[INFO] [stderr]    Compiling syn v1.0.8
[INFO] [stderr]    Compiling memchr v2.2.1
[INFO] [stderr]    Compiling proc-macro-nested v0.1.3
[INFO] [stderr]     Checking futures-sink v0.3.1
[INFO] [stderr]    Compiling winapi v0.3.8
[INFO] [stderr]    Compiling cgmath v0.16.1
[INFO] [stderr]     Checking futures-core v0.3.1
[INFO] [stderr]    Compiling num-integer v0.1.41
[INFO] [stderr]     Checking futures-io v0.3.1
[INFO] [stderr]     Checking approx v0.1.1
[INFO] [stderr]     Checking pin-utils v0.1.0-alpha.4
[INFO] [stderr]     Checking futures-task v0.3.1
[INFO] [stderr]     Checking rgb v0.8.14
[INFO] [stderr]     Checking unicode-width v0.1.6
[INFO] [stderr]     Checking thread_local v0.3.6
[INFO] [stderr]     Checking linked-hash-map v0.5.2
[INFO] [stderr]     Checking regex-syntax v0.6.12
[INFO] [stderr]     Checking futures-channel v0.3.1
[INFO] [stderr]     Checking textwrap v0.11.0
[INFO] [stderr]     Checking yaml-rust v0.4.3
[INFO] [stderr]     Checking aho-corasick v0.7.6
[INFO] [stderr]    Compiling quote v1.0.2
[INFO] [stderr]     Checking rand v0.4.6
[INFO] [stderr]     Checking atty v0.2.13
[INFO] [stderr]     Checking time v0.1.42
[INFO] [stderr]     Checking clap v2.33.0
[INFO] [stderr]     Checking num-traits v0.1.43
[INFO] [stderr]     Checking chrono v0.4.9
[INFO] [stderr]     Checking regex v1.3.1
[INFO] [stderr]     Checking winconsole v0.10.0
[INFO] [stderr]     Checking colored v1.8.0
[INFO] [stderr]    Compiling proc-macro-hack v0.5.11
[INFO] [stderr]    Compiling futures-macro v0.3.1
[INFO] [stderr]     Checking futures-util v0.3.1
[INFO] [stderr]     Checking futures-executor v0.3.1
[INFO] [stderr]     Checking futures v0.3.1
[INFO] [stderr]     Checking sf4_updater v0.2.0 (/opt/rustwide/workdir)
[INFO] [stdout] error[E0557]: feature has been removed
[INFO] [stdout]  --> src/main.rs:2:12
[INFO] [stdout]   |
[INFO] [stdout] 2 | #![feature(const_fn)]
[INFO] [stdout]   |            ^^^^^^^^ feature has been removed
[INFO] [stdout]   |
[INFO] [stdout]   = note: split into finer-grained feature gates
[INFO] [stdout] 
[INFO] [stdout] 
[INFO] [stdout] error[E0557]: feature has been removed
[INFO] [stdout]  --> src/main.rs:2:12
[INFO] [stdout]   |
[INFO] [stdout] 2 | #![feature(const_fn)]
[INFO] [stdout]   |            ^^^^^^^^ feature has been removed
[INFO] [stdout]   |
[INFO] [stdout]   = note: split into finer-grained feature gates
[INFO] [stdout] 
[INFO] [stdout] 
[INFO] [stdout] error[E0412]: cannot find type `NoneError` in module `std::option`
[INFO] [stdout]   --> src/conf.rs:50:67
[INFO] [stdout]    |
[INFO] [stdout] 50 |         if let Err(_e) = |yaml: &Yaml| -> Result<(), std::option::NoneError> {
[INFO] [stdout]    |                                                                   ^^^^^^^^^ not found in `std::option`
[INFO] [stdout] 
[INFO] [stdout] 
[INFO] [stdout] error[E0412]: cannot find type `NoneError` in module `std::option`
[INFO] [stdout]   --> src/conf.rs:65:67
[INFO] [stdout]    |
[INFO] [stdout] 65 |         if let Err(_e) = |yaml: &Yaml| -> Result<(), std::option::NoneError> {
[INFO] [stdout]    |                                                                   ^^^^^^^^^ not found in `std::option`
[INFO] [stdout] 
[INFO] [stdout] 
[INFO] [stdout] error[E0412]: cannot find type `NoneError` in module `std::option`
[INFO] [stdout]   --> src/conf.rs:81:67
[INFO] [stdout]    |
[INFO] [stdout] 81 |         if let Err(_e) = |yaml: &Yaml| -> Result<(), std::option::NoneError> {
[INFO] [stdout]    |                                                                   ^^^^^^^^^ not found in `std::option`
[INFO] [stdout] 
[INFO] [stdout] 
[INFO] [stdout] error[E0412]: cannot find type `NoneError` in module `std::option`
[INFO] [stdout]   --> src/conf.rs:96:67
[INFO] [stdout]    |
[INFO] [stdout] 96 |         if let Err(_e) = |yaml: &Yaml| -> Result<(), std::option::NoneError> {
[INFO] [stdout]    |                                                                   ^^^^^^^^^ not found in `std::option`
[INFO] [stdout] 
[INFO] [stdout] 
[INFO] [stdout] error[E0412]: cannot find type `NoneError` in module `std::option`
[INFO] [stdout]   --> src/conf.rs:50:67
[INFO] [stdout]    |
[INFO] [stdout] 50 |         if let Err(_e) = |yaml: &Yaml| -> Result<(), std::option::NoneError> {
[INFO] [stdout]    |                                                                   ^^^^^^^^^ not found in `std::option`
[INFO] [stdout] 
[INFO] [stdout] 
[INFO] [stdout] error[E0412]: cannot find type `NoneError` in module `std::option`
[INFO] [stdout]   --> src/conf.rs:65:67
[INFO] [stdout]    |
[INFO] [stdout] 65 |         if let Err(_e) = |yaml: &Yaml| -> Result<(), std::option::NoneError> {
[INFO] [stdout]    |                                                                   ^^^^^^^^^ not found in `std::option`
[INFO] [stdout] 
[INFO] [stdout] 
[INFO] [stdout] error[E0412]: cannot find type `NoneError` in module `std::option`
[INFO] [stdout]   --> src/conf.rs:81:67
[INFO] [stdout]    |
[INFO] [stdout] 81 |         if let Err(_e) = |yaml: &Yaml| -> Result<(), std::option::NoneError> {
[INFO] [stdout]    |                                                                   ^^^^^^^^^ not found in `std::option`
[INFO] [stdout] 
[INFO] [stdout] 
[INFO] [stdout] error[E0412]: cannot find type `NoneError` in module `std::option`
[INFO] [stdout]   --> src/conf.rs:96:67
[INFO] [stdout]    |
[INFO] [stdout] 96 |         if let Err(_e) = |yaml: &Yaml| -> Result<(), std::option::NoneError> {
[INFO] [stdout]    |                                                                   ^^^^^^^^^ not found in `std::option`
[INFO] [stdout] 
[INFO] [stdout] 
[INFO] [stdout] warning: the feature `unsized_locals` is incomplete and may not be safe to use and/or cause compiler crashes
[INFO] [stdout]  --> src/main.rs:3:12
[INFO] [stdout]   |
[INFO] [stdout] 3 | #![feature(unsized_locals)]
[INFO] [stdout]   |            ^^^^^^^^^^^^^^
[INFO] [stdout]   |
[INFO] [stdout]   = note: see issue #48055 <https://github.com/rust-lang/rust/issues/48055> for more information
[INFO] [stdout]   = note: `#[warn(incomplete_features)]` on by default
[INFO] [stdout] 
[INFO] [stdout] 
[INFO] [stdout] warning: the feature `unsized_locals` is incomplete and may not be safe to use and/or cause compiler crashes
[INFO] [stdout]  --> src/main.rs:3:12
[INFO] [stdout]   |
[INFO] [stdout] 3 | #![feature(unsized_locals)]
[INFO] [stdout]   |            ^^^^^^^^^^^^^^
[INFO] [stdout]   |
[INFO] [stdout]   = note: see issue #48055 <https://github.com/rust-lang/rust/issues/48055> for more information
[INFO] [stdout]   = note: `#[warn(incomplete_features)]` on by default
[INFO] [stdout] 
[INFO] [stdout] 
[INFO] [stdout] error[E0635]: unknown feature `try_trait`
[INFO] [stdout]  --> src/main.rs:1:12
[INFO] [stdout]   |
[INFO] [stdout] 1 | #![feature(try_trait)]
[INFO] [stdout]   |            ^^^^^^^^^
[INFO] [stdout] 
[INFO] [stdout] 
[INFO] [stdout] error[E0635]: unknown feature `try_trait`
[INFO] [stdout]  --> src/main.rs:1:12
[INFO] [stdout]   |
[INFO] [stdout] 1 | #![feature(try_trait)]
[INFO] [stdout]   |            ^^^^^^^^^
[INFO] [stdout] 
[INFO] [stdout] 
[INFO] [stdout] error: aborting due to 6 previous errors; 1 warning emitted
[INFO] [stdout] 
[INFO] [stdout] 
[INFO] [stdout] error: aborting due to 6 previous errors; 1 warning emitted
[INFO] [stdout] 
[INFO] [stdout] 
[INFO] [stdout] Some errors have detailed explanations: E0412, E0557, E0635.
[INFO] [stdout] 
[INFO] [stdout] Some errors have detailed explanations: E0412, E0557, E0635.
[INFO] [stdout] 
[INFO] [stdout] For more information about an error, try `rustc --explain E0412`.
[INFO] [stdout] 
[INFO] [stdout] For more information about an error, try `rustc --explain E0412`.
[INFO] [stdout] 
[INFO] [stderr] error: could not compile `sf4_updater` (bin "sf4_updater") due to 7 previous errors; 1 warning emitted
[INFO] [stderr] warning: build failed, waiting for other jobs to finish...
[INFO] [stderr] error: could not compile `sf4_updater` (bin "sf4_updater" test) due to 7 previous errors; 1 warning emitted
[INFO] running `Command { std: "docker" "inspect" "80c2c4ea8f2fa181f3d9fb6ba5ef110fd2de630505fd4ee766728c00ff318740", kill_on_drop: false }`
[INFO] running `Command { std: "docker" "rm" "-f" "80c2c4ea8f2fa181f3d9fb6ba5ef110fd2de630505fd4ee766728c00ff318740", kill_on_drop: false }`
[INFO] [stdout] 80c2c4ea8f2fa181f3d9fb6ba5ef110fd2de630505fd4ee766728c00ff318740
